-189 + 213. What is the remainder when 40 is divided by p?
16
Suppose -6*q + 15 = -3*q. Let a be 3 + 2*(-6)/4. Suppose -q*i - 90 = -5*b, a = -b + i - 6*i + 12. Calculate the remainder when 67 is divided by b.
16
Suppose -64 + 74 = -5*l, -q + 25 = -4*l. Calculate the remainder when 115 is divided by q.
13
Let q(g) = g + 20. Let n be (15/10)/((-1)/(-6)*-1). Calculate the remainder when 98 is divided by q(n).
10
Let q = -72 + 108. Calculate the remainder when 18 is divided by 1*((-20)/(-50) - q/(-10)).
2
Suppose -5*j + 129 = c, 4*j = 7*j - c - 71. Suppose 2*y + 0*y = 26. Calculate the remainder when j is divided by y.
12
Suppose 68*s + 38 = 69*s. Calculate the remainder when 49 is divided by s.
11
Let s(u) = 5*u - 10. Let l(t) = -27*t + 49. Let q(p) = 2*l(p) + 11*s(p). What is the remainder when 75 is divided by q(31)?
18
Let y = -33 + 30. Let k = 9 - 4. What is the remainder when 36/y*(-2 - -1) is divided by k?
2
Let j = -128 - -420. What is the remainder when j is divided by 42?
40
Suppose 3*z - 2*g + 115 = 2*g, -5*g + 116 = -3*z. Let u = 75 + z. Calculate the remainder when 73 is divided by u.
35
Let t(s) = -s**2 + 4*s - 2. Let g be t(2). Let y(h) = 0*h + h**3 - 6*h**2 + 3 - 7*h + 13*h**g. What is the remainder when y(-7) is divided by 27?
25
Let y = 134 + -108. Calculate the remainder when y is divided by 7.
5
Let j = 1 - -3. Suppose -141 = -j*a - 3*r, -3*a = 2*a + 5*r - 170. What is the remainder when 194 is divided by a?
38
Let b(s) = 3*s - 8. Suppose 179 + 106 = 5*t + 5*h, 4*t + 2*h = 232. Let f = t - 21. Calculate the remainder when f is divided by b(7).
12
Let s be (-4 - 39/(-12)) + 546/(-8). Let t = 90 + s. Suppose -2*u = -59 - 19. What is the remainder when u is divided by t?
18
Suppose -d - 19 = -3*p, d + 3*p + 15 = 8*p. Let y = d - -57. What is the remainder when 93 is divided by y?
29
What is the remainder when 481 is divided by (-5118)/(-84) + (-2)/(-28)?
54
Suppose -2*b - 193 = -4*w + 101, 0 = -4*w - 3*b + 289. Let l(c) = -c**3 - 8*c**2 + 7*c + 1. What is the remainder when w is divided by l(-9)?
16
Suppose a - 8*f + 9*f = 34, 0 = -2*f + 8. What is the remainder when 68 is divided by a?
8
What is the remainder when 140 is divided by (2 - -2 - 9)/(-1 + 0)?
0
Let i(d) = d**3 + 17*d**2 - 20*d + 19. Let m be i(-18). Suppose 52*j + 54 = m*j. Calculate the remainder when 47 is divided by j.
11
Suppose 3*c = -2*i + 5*i + 1857, 1855 = 3*c - i. Suppose -2*z = -c + 72. What is the remainder when z is divided by 55?
53
Suppose 36*f = 45*f - 135. Calculate the remainder when 114 is divided by f.
9
Let d = 2379 - 2360. Let p = 2 + -3. What is the remainder when -9*(0 - (p + 7)) is divided by d?
16
Let y(c) = -c + 5. Let z(f) = 9*f + 3. Let u be z(-2). Let b(k) = 3. Let v(d) = u*b(d) + 6*y(d). What is the remainder when 60 is divided by v(-6)?
18
Suppose 4*u + 8 = 0, 23*f + 85 = 26*f - 14*u. Let z be (1/2)/(2/16). Suppose -j - 108 = -z*j. What is the remainder when j is divided by f?
17
Let o be 21/(-105) - 371/(-5). Let p = o - 64. What is the remainder when 87 is divided by p?
7
Suppose -5*x + 35 = -10*x. Let v(h) = -2*h + 6. Let g be v(x). Let i = g + 33. What is the remainder when i is divided by 14?
11
Suppose 2*i - 242 = -5*w, -16*i = 4*w - 17*i - 204. Calculate the remainder when 145 is divided by w.
45
Let h = -1908 + 1973. What is the remainder when 324 is divided by h?
64
Suppose -25*f - 117 = -34*f. Calculate the remainder when 361 is divided by f.
10
Suppose -3*q + 0*o + 3519 = 5*o, 5*q = -o + 5843. Calculate the remainder when q is divided by 90.
88
Let l = -89 + 112. Let x be (-3)/(-3 - 21/(-8)). Calculate the remainder when l is divided by (-8)/(-8)*(1 + x).
5
Calculate the remainder when (-3753)/(-45) - 1/(10/(-6)) is divided by 29.
26
Suppose -2*r - 400 = -5*g - 28, -3*r = 3. Suppose 10*p - 38 = -258. Let h = p + 41. What is the remainder when g is divided by h?
17
Let y(l) = -2*l + 3. Let b(m) = 2*m - 11. What is the remainder when y(-6) is divided by b(10)?
6
Let d be ((-125)/5 - -3)*1. What is the remainder when (d/3*-15)/(-9 + 11) is divided by 29?
26
Let y = 469 - 305. What is the remainder when y is divided by 35?
24
Let r be ((-3 - -6)/(-3))/(2/6). Let s = -11 - -30. Calculate the remainder when s is divided by (2/2)/((r - -1)/(-14)).
5
Suppose -46 = -3*j + 137. Let i(c) = 3*c + 2. Let h be i(4). Suppose h + j = 3*x. What is the remainder when x is divided by 14?
11
Suppose 0 = f - 2 - 1. Suppose 5*q + 4*w = -5 - f, 4*q - 3*w = 6. Suppose 3*c - 4*o + o - 84 = q, -c = 5*o + 2. Calculate the remainder when 43 is divided by c.
20
Suppose -b = -0*k - 2*k - 90, -3*k + 382 = 4*b. What is the remainder when b is divided by 24?
22
Let i = 179 - -15. What is the remainder when i is divided by 7?
5
Let h(m) = -23*m - 129. What is the remainder when h(-9) is divided by (32/2)/(0 + 1)?
14
Suppose -4*x - x + 110 = -5*p, 12 = 4*p. Calculate the remainder when 349 is divided by x.
24
Let c = 17 + -28. Calculate the remainder when 4/(-6)*6 - c is divided by 4.
3
Suppose 5*n - 633 = 407. Calculate the remainder when n is divided by 36.
28
Let c = 1212 + -1201. Let h be 3*2/3 - 2. Suppose -5*z - n + 94 = -4*n, 5*n - 10 = h. What is the remainder when z is divided by c?
9
Let a = 59 + -55. Suppose -2*h - 32 = -2*g, -3*g + 2*g + a*h = -16. What is the remainder when 45 is divided by g?
13
Suppose -3*y + 7*y + 8 = 0. Let u(r) = -4*r**3 - r**2 + 2*r - 2. What is the remainder when 86 is divided by u(y)?
20
Let j(w) = w**2 + 20*w - 42. Let v be j(-22). Suppose 2*m + 1 = -1, -v*n + 47 = 3*m. Calculate the remainder when 49 is divided by n.
24
Let k = 222 - 211. Suppose -2*j + 4 = -0*j. Calculate the remainder when k is divided by j.
1
Suppose 0 = -3*n - 2*n + 90. Suppose -20*a + 739 = 139. What is the remainder when a is divided by n?
12
Suppose -2*o = -12 + 18. Let l(d) = -12*d + 1. Let z = -23 + 36. Calculate the remainder when l(o) is divided by z.
11
Suppose 8 = -2*u - 4*t, -2*t - 5 = 5*u - 1. Suppose u*g - 18 = -2*g. What is the remainder when g/36 + 47/4 is divided by 7?
5
Suppose -589 = -3*w + 4*u, -30*w = -34*w - 3*u + 827. What is the remainder when w is divided by 23?
19
Let a = 20 + 14. Let i(s) = -s**2 - 8*s + 2. Calculate the remainder when a is divided by i(-7).
7
Let t = -872 - -885. Calculate the remainder when 258 is divided by t.
11
What is the remainder when 129*3 + 144/24 is divided by 66?
63
Suppose 4*l - 116 = -4*b, 31*b - 35*b + 110 = l. Calculate the remainder when b is divided by 6.
3
Let h = 77 - 38. What is the remainder when 189 is divided by h?
33
Suppose -13 = -2*d + 7. Suppose 0 = 2*j - j - d. What is the remainder when 67 is divided by j?
7
Let u be 3/(-6) + (-122)/(-4). Suppose 4 = d - u. Calculate the remainder when d is divided by 6.
4
Suppose -5*l - y + 136 = -l, -4*y + 54 = 2*l. Calculate the remainder when l is divided by 24.
11
Suppose t - 56 = -0*t - 2*u, 0 = -2*t - 3*u + 115. Calculate the remainder when t is divided by (-6)/(-99)*3 + 141/11.
10
Suppose 0 = -5*r - 4*s + 316, 4*r - 2*s = -5*s + 253. Suppose -3*n + 8 = -r. Suppose n*o - 25*o + 6 = 0. Calculate the remainder when 16 is divided by o.
4
Suppose 3*d - 2*h - 46 = 3*h, -3*h - 50 = -5*d. Suppose -d*p = -3*p - 100. Let t(j) = j**3 + 4*j**2 - 3*j - 5. What is the remainder when p is divided by t(-4)?
4
Let s be 1 + (168/4 - 4). Suppose -5*t + s = c, 1 = c - 4*t - 2. Calculate the remainder when c is divided by 6.
1
Let c = 184 - 129. Suppose -2*d - m + 16 = -21, 3*d + m - c = 0. Calculate the remainder when 46 is divided by d.
10
Let k be (-6)/(1 + (-20)/8). Suppose -k*u + 0*u = 0. Suppose 2*o + 3*r = 68, o - 5*r + 11 - 32 = u. Calculate the remainder when o is divided by 17.
14
Let k = -32 - -54. Let v = k + -6. Let u(w) = 2*w**3 + 14*w**2 - 9*w - 2. Calculate the remainder when u(-7) is divided by v.
13
Suppose -3*r = -4*m - 1192, 0 = -4*r + m - 4*m + 1631. What is the remainder when r is divided by 81?
80
What is the remainder when 224 - (2 + (-11 - 12/(-2))) is divided by 23?
20
Suppose -4*l - 2*v + 24 = 0, 3*l + 4*v + 7 = 6*l. What is the remainder when 43 is divided by l?
3
Let l(p) = p**3 - 13*p**2 - 11*p - 11. What is the remainder when 55 is divided by l(14)?
24
Calculate the remainder when 47 is divided by 1/(96/(-273) + 18/42).
8
Le